ctors of 1851336668.
2, 19, 4297, 5669
List the prime factors of 448355888.
2, 28022243
What are the prime factors of 673934800?
2, 5, 7, 11, 21881
List the prime factors of 232325735.
5, 46465147
What are the prime factors of 105142583?
7, 13, 165059
What are the prime factors of 28720625?
5, 45953
List the prime factors of 2878029541.
19, 419599
List the prime factors of 9738330.
2, 3, 5, 7, 79, 587
List the prime factors of 124581310.
2, 5, 7, 89, 19997
List the prime factors of 8645610080.
2, 5, 1051, 51413
List the prime factors of 313021632.
2, 3, 7, 11, 31, 683
What are the prime factors of 359584240?
2, 5, 101, 191, 233
List the prime factors of 510934641.
3, 7, 24330221
List the prime factors of 285271222.
2, 4483, 31817
What are the prime factors of 41834268?
2, 3, 7, 41, 4049
What are the prime factors of 213825659?
71, 3011629
List the prime factors of 595323694.
2, 7, 19, 101, 22159
List the prime factors of 699213376.
2, 19, 307, 1873
What are the prime factors of 1144311027?
3, 3889, 98081
What are the prime factors of 379409733?
3, 42156637
List the prime factors of 701815247.
7, 107, 937003
What are the prime factors of 732388536?
2, 3, 11, 419, 2207
What are the prime factors of 675326119?
13, 4783, 10861
List the prime factors of 387706299.
3, 2269, 56957
List the prime factors of 549670529.
549670529
List the prime factors of 8427323.
8427323
List the prime factors of 14028864.
2, 3, 31, 2357
What are the prime factors of 12059280?
2, 3, 5, 1861
What are the prime factors of 23302489?
7, 37, 12853
What are the prime factors of 5081216?
2, 7, 53, 107
List the prime factors of 442496143.
73, 79, 277
List the prime factors of 97798353.
3, 29, 1124119
What are the prime factors of 669583812?
2, 3, 55798651
List the prime factors of 2483627318.
2, 337, 619, 5953
List the prime factors of 1833322272.
2, 3, 23, 830309
What are the prime factors of 149310340?
2, 5, 907, 8231
What are the prime factors of 2517779482?
2, 6011, 209431
What are the prime factors of 2515550795?
5, 503110159
List the prime factors of 522254235.
3, 5, 19, 1832471
What are the prime factors of 3918940482?
2, 3, 653156747
What are the prime factors of 687179167?
227, 3027221
What are the prime factors of 4755608234?
2, 13, 353, 518153
What are the prime factors of 174850974?
2, 3, 31, 37, 941
List the prime factors of 1682986134.
2, 3, 1117, 251117
What are the prime factors of 515803723?
131, 557, 7069
List the prime factors of 112482914.
2, 17, 3308321
What are the prime factors of 85485397?
137, 587, 1063
What are the prime factors of 145635211?
145635211
What are the prime factors of 177536980?
2, 5, 103, 86183
List the prime factors of 29215882.
2, 19, 131, 5869
What are the prime factors of 2898384701?
587, 641, 7703
What are the prime factors of 8281011?
3, 2760337
List the prime factors of 71916212.
2, 167, 199, 541
What are the prime factors of 4699423445?
5, 101, 9305789
What are the prime factors of 4210100799?
3, 12289, 114197
What are the prime factors of 1016251300?
2, 5, 31, 327823
List the prime factors of 677580102.
2, 3, 757, 49727
What are the prime factors of 145354157?
13, 11181089
What are the prime factors of 238307639?
37, 6440747
List the prime factors of 5412457906.
2, 24371, 111043
What are the prime factors of 3854307908?
2, 11, 37, 2367511
List the prime factors of 1054311270.
2, 3, 5, 17, 2067277
List the prime factors of 118246623.
3, 11, 3583231
What are the prime factors of 3283472417?
67, 5867, 8353
List the prime factors of 349107862.
2, 19, 9187049
List the prime factors of 9075338.
2, 4537669
What are the prime factors of 81653107?
81653107
List the prime factors of 46998977.
167, 281431
List the prime factors of 754548359.
151, 229, 21821
What are the prime factors of 200440056?
2, 3, 8351669
List the prime factors of 4893069.
3, 1631023
What are the prime factors of 290745995?
5, 47, 1237217
What are the prime factors of 26438592?
2, 3, 23, 5987
List the prime factors of 6691442865.
3, 5, 13751, 32441
List the prime factors of 907551452.
2, 59, 3845557
List the prime factors of 146421843.
3, 48807281
What are the prime factors of 37111665?
3, 5, 89, 27799
What are the prime factors of 95564145?
3, 5, 6370943
List the prime factors of 6552534211.
103, 7699, 8263
List the prime factors of 125020073.
29, 4311037
List the prime factors of 417405388.
2, 104351347
List the prime factors of 22444109.
89, 252181
What are the prime factors of 1183177150?
2, 5, 59, 401077
List the prime factors of 855309381.
3, 71, 4015537
What are the prime factors of 1066629764?
2, 266657441
List the prime factors of 5363559224.
2, 229, 2927707
List the prime factors of 301575673.
7, 43082239
List the prime factors of 4580133525.
3, 5, 11, 157, 3929
What are the prime factors of 387668571?
3, 19, 41, 165883
What are the prime factors of 107945110?
2, 5, 7, 13, 118621
List the prime factors of 49075576.
2, 11, 83, 6719
List the prime factors of 420514535.
5, 7, 31, 59, 6569
What are the prime factors of 457714934?
2, 228857467
List the prime factors of 4108230935.
5, 821646187
List the prime factors of 1262341709.
1699, 742991
List the prime factors of 744476391.
3, 61, 1356059
List the prime factors of 2279150545.
5, 7, 65118587
List the prime factors of 187279243.
2579, 72617
What are the prime factors of 69438075?
3, 5, 7, 132263
List the prime factors of 64052475.
3, 5, 854033
List the prime factors of 592299203.
61, 9709823
What are the prime factors of 65828640?
2, 3, 5, 137143
List the prime factors of 242096944.
2, 673, 22483
List the prime factors of 12194855.
5, 47, 51893
What are the prime factors of 199768544?
2, 919, 6793
List the prime factors of 15756294.
2, 3, 2626049
List the prime factors of 30035247.
3, 11, 41, 79, 281
What are the prime factors of 105038401?
13, 23, 61, 443
List the prime factors of 1122287327.
7, 29, 31, 73, 349
List the prime factors of 107929544.
2, 271, 49783
What are the prime factors of 1803002195?
5, 1667, 216317
What are the prime factors of 25353171?
3, 17, 165707
List the prime factors of 1471308562.
2, 29, 673, 37693
List the prime factors of 163103510.
2, 5, 16310351
List the prime factors of 13136083.
1951, 6733
List the prime factors of 131560970.
2, 5, 13156097
List the prime factors of 1561405968.
2, 3, 23, 471439
What are the prime factors of 623089760?
2, 5, 1523, 2557
What are the prime factors of 721441488?
2, 3, 1493, 10067
What are the prime factors of 38546306?
2, 67, 307, 937
List the prime factors of 505492060.
2, 5, 613, 41231
What are the prime factors of 389638822?
2, 193, 877, 1151
List the prime factors of 2366550538.
2, 11, 661, 162739
List the prime factors of 291992953.
7, 53, 787043
List the prime factors of 896959844.
2, 11, 47, 103, 4211
List the prime factors of 74490394.
2, 11, 47, 61, 1181
List the prime factors of 345958114.
2, 172979057
List the prime factors of 7206851191.
17, 423932423
List the prime factors of 1155391375.
5, 9243131
What are the prime factors of 331285093?
47, 1361, 5179
What are the prime factors of 574526047?
19, 29, 37, 28181
List the prime factors of 1169797976.
2, 61, 2397127
What are the prime factors of 323281631?
811, 398621
What are the prime factors of 72026941?
7, 10289563
What are the prime factors of 141783119?
31, 4573649
List the prime factors of 1271976326.
2, 97, 457, 14347
List the prime factors of 202636300.
2, 5, 101, 20063
What are the prime factors of 2602665535?
5, 520533107
List the prime factors of 828704960.
2, 5, 2589703
List the prime factors of 267034518.
2, 3, 127, 199, 587
List the prime factors of 100891071.
3, 71, 157889
What are the prime factors of 172150980?
2, 3, 5, 113, 25391
What are the prime factors of 422386969?
89, 4745921
List the prime factors of 71156880.
2, 3, 5, 79, 139
List the prime factors of 69550028.
2, 17387507
List the prime factors of 312117053.
29, 53, 61, 3329
What are the prime factors of 23472569?
631, 37199
What are the prime factors of 123822683?
37, 3346559
List the prime factors of 262428002.
2, 2269, 57829
What are the prime factors of 2409180510?
2, 3, 5, 11, 29, 227, 1109
What are the prime factors of 6304414322?
2, 563, 5598947
What are the prime factors of 154390257?
3, 7, 19